, what is 3 + -50?
-43
In base 3, what is -1 + -1212221?
-1212222
In base 5, what is -122 - -223?
101
In base 7, what is -3104 + 4?
-3100
In base 13, what is -64 + -28?
-8c
In base 12, what is -4b6 + -1?
-4b7
In base 11, what is 23 + -25?
-2
In base 5, what is -343 - 2?
-400
In base 11, what is 14a5 - -4?
14a9
In base 8, what is -17131 + -1?
-17132
In base 12, what is -9a - -53?
-47
In base 6, what is -34 - -54?
20
In base 7, what is 2 + -25443?
-25441
In base 10, what is 5 - 38?
-33
In base 7, what is 122563 - 0?
122563
In base 3, what is -11 - -20100210?
20100122
In base 3, what is -1012 + 2?
-1010
In base 6, what is -2 + 130?
124
In base 3, what is 111 + -1202?
-1021
In base 4, what is 11 + 120?
131
In base 13, what is 6 + -1?
5
In base 7, what is -421 + 5?
-413
In base 7, what is -1163 + -3?
-1166
In base 7, what is 15 + -4?
11
In base 4, what is 103 - -32?
201
In base 2, what is 100101110 + -1?
100101101
In base 14, what is -631 - -4?
-62b
In base 7, what is 2453 - 3?
2450
In base 10, what is -9 + 18?
9
In base 5, what is 41 + 143?
234
In base 8, what is -61 - 0?
-61
In base 6, what is 2 + -25?
-23
In base 6, what is 0 - -1153?
1153
In base 9, what is 4 + 616?
621
In base 6, what is -2403 - -3?
-2400
In base 5, what is 1322 - 11?
1311
In base 2, what is 11 + 1010001010?
1010001101
In base 14, what is 605 - -1?
606
In base 5, what is -44 + -1201?
-1300
In base 14, what is -7c - -4?
-78
In base 3, what is -202201 - -122?
-202002
In base 7, what is 145 + -26?
116
In base 5, what is -3 + -2104?
-2112
In base 6, what is 3 + 30?
33
In base 14, what is -5 - 572?
-577
In base 13, what is -9 + 1a?
11
In base 14, what is 220 - 12?
20c
In base 3, what is -2021122 - 2?
-2021201
In base 12, what is -a39 - 0?
-a39
In base 9, what is -678 - -3?
-675
In base 4, what is -3 - 320?
-323
In base 4, what is -11 + 2320?
2303
In base 7, what is 5 - -136?
144
In base 5, what is 0 - 12013?
-12013
In base 13, what is -182 + -1?
-183
In base 15, what is -1 - -249?
248
In base 3, what is 0 - -1002?
1002
In base 7, what is 3 + 142?
145
In base 15, what is 2 + 7?
9
In base 13, what is -78 - -1a3?
128
In base 4, what is -33 + 122?
23
In base 2, what is 1001 + 10000?
11001
In base 13, what is -2 + 621?
61c
In base 16, what is a - -ca?
d4
In base 13, what is -32a9 - 1?
-32aa
In base 16, what is 4621 + -3?
461e
In base 6, what is 21 - -14?
35
In base 5, what is -3 + 4344?
4341
In base 10, what is -18 - 10?
-28
In base 13, what is 3 - 879?
-876
In base 11, what is -159 - -2?
-157
In base 3, what is 110002 + 1010?
111012
In base 16, what is 26a - -3?
26d
In base 8, what is -5 + 470?
463
In base 6, what is -10 - 324?
-334
In base 14, what is -2 - 10c?
-110
In base 6, what is 2 + 505?
511
In base 6, what is -3 - 15403?
-15410
In base 13, what is -a - 82?
-8c
In base 15, what is 33e + 9?
348
In base 3, what is -2110 - 100?
-2210
In base 4, what is 1230 - 103?
1121
In base 7, what is 53 + -66?
-13
In base 16, what is 33 + 59?
8c
In base 5, what is 1314 + 110?
1424
In base 9, what is -1 - 1203?
-1204
In base 4, what is -121 - 111?
-232
In base 7, what is -15 + 25?
10
In base 5, what is -1 - 4221?
-4222
In base 16, what is -2 - -33?
31
In base 9, what is 3451 - -7?
3458
In base 15, what is -c + -62?
-6e
In base 12, what is -17 - -a?
-9
In base 13, what is 3 + 36a?
370
In base 11, what is 5 + 3?
8
In base 15, what is 5 + 780?
785
In base 3, what is 10102200 - 10?
10102120
In base 4, what is 1102203 + 10?
1102213
In base 6, what is 214 + 4?
222
In base 4, what is 2 + -1002?
-1000
In base 12, what is -666 + 5?
-661
In base 15, what is 42 + 62?
a4
In base 4, what is -12 + -12?
-30
In base 16, what is 5 - -35c?
361
In base 12, what is -698 - -2?
-696
In base 7, what is -4551 + 0?
-4551
In base 2, what is 1110111 - -1101011?
11100010
In base 8, what is -1523 - -7?
-1514
In base 10, what is 31 + -2?
29
In base 4, what is 12 - -23?
101
In base 11, what is -3 + 13?
10
In base 10, what is -15 + 1?
-14
In base 5, what is -11 - 1320?
-1331
In base 14, what is -2 + c5?
c3
In base 7, what is 1353 - 3?
1350
In base 13, what is -22b + 3?
-228
In base 15, what is -1 - 350?
-351
In base 7, what is -4 - 123?
-130
In base 6, what is -3 + 150?
143
In base 13, what is 12 + 8?
1a
In base 10, what is 4 + 191?
195
In base 5, what is -1201 + 233?
-413
In base 7, what is -3441 + -1?
-3442
In base 5, what is -1131 - -1?
-1130
In base 4, what is -10231 - 10?
-10301
In base 15, what is -433 - 3?
-436
In base 7, what is 1331 + -2?
1326
In base 6, what is 2434 - 3?
2431
In base 12, what is -1 - 115?
-116
In base 16, what is 4 - 150?
-14c
In base 14, what is 1a - 0?
1a
In base 2, what is -1001001110 - 101?
-1001010011
In base 11, what is -195 - -1a?
-176
In base 5, what is 21 + 20?
41
In base 9, what is -1061 + -2?
-1063
In base 3, what is 11 - -12011?
12022
In base 13, what is -9 + -38?
-44
In base 10, what is 44 - 5?
39
In base 7, what is -2 + 33?
31
In base 3, what is 11 + 12122100?
12122111
In base 16, what is -2 - 1584?
-1586
In base 2, what is -100110 + 1?
-100101
In base 8, what is 1030 + -4?
1024
In base 2, what is 1001 + -100?
101
In base 2, what is 1100100 + -1001010?
11010
In base 15, what is -5a + 42?
-18
In base 15, what is 176 + 13?
189
In base 4, what is -10 + 112210?
112200
In base 2, what is 1111 - 1000?
111
In base 9, what is -657 + 24?
-633
In base 9, what is 525 - 16?
508
In base 5, what is -1432104 + -2?
-1432111
In base 12, what is -2 - -1727?
1725
In base 16, what is 4 - 1b9?
-1b5
In base 16, what is 15a - 2?
158
In base 3, what is -1001220 + 0?
-1001220
In base 15, what is 21b + 3?
21e
In base 13, what is -6 - -1741?
1738
In base 4, what is -1101 + -3?
-1110
In base 16, what is 4a9 - 2?
4a7
In base 3, what is -1012 + 211?
-101
In base 6, what is 5 + -24501?
-24452
In base 8, what is -2 - -13360?
13356
In base 16, what is bd + 59?
116
In base 12, what is 3 - 43?
-40
In base 16, what is -3 - -e7?
e4
In base 2, what is -101 + -11101000?
-11101101
In base 6, what is -11 - 210?
-221
In base 11, what is -2 - -564?
562
In base 5, what is -4 - -41111?
41102
In base 12, what is 0 + -115?
-115
In base 9, what is -1 + -56?
-57
In base 5, what is -2423 + -4?
-2432
In base 14, what is 3 - 15aa?
-15a7
In base 15, what is -30 + 1?
-2e
In base 12, what is -421 - b?
-430
In base 9, what is -80 - -2?
-77
In base 10, what is 7 + -8?
-1
In base 8, what is 1 + -5332?
-5331
In base 12, what is 3 - -65?
68
In base 14, what is 5 + 57?
5c
In base 12, what is 5476 - 1?
5475
In base 14, what is 5d - 0?
5d
In base 13, what is 227 + -5?
222
In base 2, what is 100 - 100100000110?
-100100000010
In base 14, what is 42 - 2?
40
In base 8, what is -440 - -3?
-435
In base 14, what is -5 + -24?
-29
In base 4, what is 111 + 223?
1000
In base 15, what is -3c + 4?
-38
In base 16, what is -5 - 79?
-7e
In base 2, what is 1011 - -11?
1110
In base 11, what is -3 - -4?
1
In base 11, what is -1 - -2a?
29
In base 4, what is 13 - 11101?
-11022
In base 3, what is 221210101 - -10?
221210111
In base 14, what is 400 + 5?
405
In base 3, what is 12020 - 10?
12010
In base 6, what is 55 + -125?
-30
In base 15, what is -109 + -1?
-10a
In base 6, what is 424 + -1?
423
In base 12, what is 4 + -30?
-28
In base 9, what is -81 - -3?
-77
In base 3, what is -2020 + -12?
-2102
In base 7, what is -52 + -41?
-123
In base 6, what is -20 + 0?
-20
In base 10, what is -18 + -36?
-54
In base 5, what is 1 + -214?
-213
In base 12, what is 1 + 4?
5
In base 11, what is -4 - -63a?
636
In base 7, what is 1 + 66?
100
In base 3, what is 0 - -10000?
10000
In base 4, what is 3 - -122?
131
In base 15, what is 8 - -99?
a2
In base 2, what is -1 + 100101110?
100101101
In base 15, what is 9d - 37?
66
In base 5, what is 134014 - -2?
134021
In base 8, what is -1016 + -1?
-1017
In base 15, what is -2 + e4?
e2
In base 13, what is -2 + 98?
96
In base 8, what is 50 - -5?
55
In base 7, what is -3 + 13210?
13204
In base 14, what is -21 - 9?
-2a
In base 15, what is 11c4 - -4?
11c8
In base 7, what is -106 - 312?
-421
In base 5, what is 10 + -1?
4
In base 8, what is 62 + 10?
72
In base 6, what is 120 + -12?
104
In base 16, what is -6 + 7?
1
In base 3, what is 11022 + -1021?
10001
In base 2, what is 1010 + 10001011011?
10001100101
In base 2, what is 110 - 10111?
-10001
In base 5, 